{"id":788,"date":"2025-10-27T07:52:57","date_gmt":"2025-10-27T07:52:57","guid":{"rendered":"https:\/\/kiripesis.iwn.co\/?page_id=788"},"modified":"2025-12-03T11:47:28","modified_gmt":"2025-12-03T11:47:28","slug":"naistenyhteystiedot","status":"publish","type":"page","link":"https:\/\/kempeleenkiri.fi\/pesis\/naisten-edustusjoukkue\/naistenyhteystiedot\/","title":{"rendered":"Joukkueen yhteystiedot"},"content":{"rendered":"\n<section id=\"g-4zahy14\" class=\"wp-block-gutentor-m3 alignfull section-g-4zahy14 gutentor-module gutentor-container-cover\"><div class=\"grid-container\">\n<section id=\"g-g5v1egs\" class=\"wp-block-gutentor-m4 section-g-g5v1egs gutentor-module gutentor-advanced-columns\"><div class=\"grid-container\"><div class=\"grid-row\">\n<div id=\"col-g-pitibju\" class=\"wp-block-gutentor-m4-col col-g-pitibju gutentor-single-column  grid-lg-6 grid-md-12 grid-12\"><div id=\"section-g-pitibju\" class=\"section-g-pitibju gutentor-col-wrap\">\n<div id=\"section-g-ymyof77\" class=\"wp-block-gutentor-e1 section-g-ymyof77 gutentor-element gutentor-element-advanced-text\"><div class=\"gutentor-text-wrap\"><h3 class=\"gutentor-text\">Naisten joukkueen yhteystiedot<\/h3><\/div><\/div>\n\n\n\n<section id=\"section-g-1n1137j\" class=\"wp-block-gutentor-divider section-g-1n1137j gutentor-element gutentor-section gutentor-divider text-left\"><div class=\"grid-container gutentor-rm-ct-space-d gutentor-rm-ct-space-t gutentor-rm-ct-space\"><div class=\"gutentor-divider-box\"><span class=\"gutentor-divider-separator\"><\/span><\/div><\/div><\/section>\n\n\n\n<h4 class=\"wp-block-heading has-global-color-9-color has-text-color has-link-color wp-elements-5274beee3b3f4cd8c03def8cf5274224\">Jarkko Kokko<\/h4>\n\n\n\n<p>Valmennus ja pelinjohto<\/p>\n\n\n\n<p>p. 040 7368370 <\/p>\n\n\n\n<p>sposti: <a href=\"mailto:jarkko.kokko@kempeleenkiri.fi\">jarkko.kokko@kempeleenkiri.fi<\/a><\/p>\n\n\n\n<section id=\"section-g-8lllu8z\" class=\"wp-block-gutentor-divider section-g-8lllu8z gutentor-element gutentor-section gutentor-divider text-left\"><div class=\"grid-container gutentor-rm-ct-space-d gutentor-rm-ct-space-t gutentor-rm-ct-space\"><div class=\"gutentor-divider-box\"><span class=\"gutentor-divider-separator\"><\/span><\/div><\/div><\/section>\n\n\n\n<h4 class=\"wp-block-heading has-global-color-9-color has-text-color has-link-color wp-elements-a97792f2a283ff19af59e96cb10c5481\">Anne Kuopusj\u00e4rvi<\/h4>\n\n\n\n<p>Joukkueenjohtaja<\/p>\n\n\n\n<p>p. 050 5362642<\/p>\n\n\n\n<p>sposti: <a href=\"mailto:anne.kuopusj@gmail.com\"><\/a><a href=\"mailto:anne.kuopusj@gmail.com\">anne.kuopusj@gmail.com<\/a><\/p>\n\n\n\n<section id=\"section-g-qhg1uk8\" class=\"wp-block-gutentor-divider section-g-qhg1uk8 gutentor-element gutentor-section gutentor-divider text-left\"><div class=\"grid-container gutentor-rm-ct-space-d gutentor-rm-ct-space-t gutentor-rm-ct-space\"><div class=\"gutentor-divider-box\"><span class=\"gutentor-divider-separator\"><\/span><\/div><\/div><\/section>\n<\/div><\/div>\n\n\n\n<div id=\"col-g-rikiiii\" class=\"wp-block-gutentor-m4-col col-g-rikiiii gutentor-single-column  grid-lg-6 grid-md-12 grid-12\"><div id=\"section-g-rikiiii\" class=\"section-g-rikiiii gutentor-col-wrap has-color-bg has-custom-bg\">\n<div id=\"section-g-sh11v4g\" class=\"wp-block-gutentor-e1 section-g-sh11v4g gutentor-element gutentor-element-advanced-text\"><div class=\"gutentor-text-wrap\"><h4 class=\"gutentor-text\">Alla olevalla lomakkeella voitte ottaa yhteytt\u00e4 tai pyyt\u00e4\u00e4 tarjousta!<\/h4><\/div><\/div>\n\n\n\n<div class=\"wpcf7 no-js\" id=\"wpcf7-f1029-o1\" lang=\"en-US\" dir=\"ltr\" data-wpcf7-id=\"1029\">\n<div class=\"screen-reader-response\"><p role=\"status\" aria-live=\"polite\" aria-atomic=\"true\"><\/p> <ul><\/ul><\/div>\n<form action=\"\/pesis\/wp-json\/wp\/v2\/pages\/788#wpcf7-f1029-o1\" method=\"post\" class=\"wpcf7-form init\" aria-label=\"Contact form\" novalidate=\"novalidate\" data-status=\"init\">\n<fieldset class=\"hidden-fields-container\"><input type=\"hidden\" name=\"_wpcf7\" value=\"1029\" \/><input type=\"hidden\" name=\"_wpcf7_version\" value=\"6.1.5\" \/><input type=\"hidden\" name=\"_wpcf7_locale\" value=\"en_US\" \/><input type=\"hidden\" name=\"_wpcf7_unit_tag\" value=\"wpcf7-f1029-o1\" \/><input type=\"hidden\" name=\"_wpcf7_container_post\" value=\"0\" \/><input type=\"hidden\" name=\"_wpcf7_posted_data_hash\" value=\"\" \/>\n<\/fieldset>\n<div class=\"contact_form_wrapper\">\n\t<div class=\"field_row\">\n\t\t<div class=\"field_item\">\n\t\t\t<p><label>Nimi <span>*<\/span><\/label><br \/>\n<span class=\"wpcf7-form-control-wrap\" data-name=\"your-name\"><input size=\"40\" maxlength=\"400\" class=\"wpcf7-form-control wpcf7-text wpcf7-validates-as-required form-control\" autocomplete=\"name\" aria-required=\"true\" aria-invalid=\"false\" placeholder=\"Nimi\" value=\"\" type=\"text\" name=\"your-name\" \/><\/span>\n\t\t\t<\/p>\n\t\t<\/div>\n\t<\/div>\n\t<div class=\"field_row\">\n\t\t<div class=\"field_item\">\n\t\t\t<p><label>Puhelinnumero <span>*<\/span><\/label><br \/>\n<span class=\"wpcf7-form-control-wrap\" data-name=\"tel-746\"><input size=\"40\" maxlength=\"400\" class=\"wpcf7-form-control wpcf7-tel wpcf7-validates-as-required wpcf7-text wpcf7-validates-as-tel form-control\" aria-required=\"true\" aria-invalid=\"false\" placeholder=\"Puhelinnumero\" value=\"\" type=\"tel\" name=\"tel-746\" \/><\/span>\n\t\t\t<\/p>\n\t\t<\/div>\n\t<\/div>\n\t<div class=\"field_row\">\n\t\t<div class=\"field_item\">\n\t\t\t<p><label>S\u00e4hk\u00f6postiosoite <span>*<\/span><\/label><br \/>\n<span class=\"wpcf7-form-control-wrap\" data-name=\"your-email\"><input size=\"40\" maxlength=\"400\" class=\"wpcf7-form-control wpcf7-email wpcf7-validates-as-required wpcf7-text wpcf7-validates-as-email form-control\" autocomplete=\"email\" aria-required=\"true\" aria-invalid=\"false\" placeholder=\"S\u00e4hk\u00f6postiosoite\" value=\"\" type=\"email\" name=\"your-email\" \/><\/span>\n\t\t\t<\/p>\n\t\t<\/div>\n\t\t<div class=\"field_row\">\n\t\t\t<div class=\"field_item\">\n\t\t\t\t<p><label>Viesti <span>*<\/span><\/label><br \/>\n<span class=\"wpcf7-form-control-wrap\" data-name=\"your-message\"><textarea cols=\"40\" rows=\"10\" maxlength=\"2000\" class=\"wpcf7-form-control wpcf7-textarea wpcf7-validates-as-required form-control\" aria-required=\"true\" aria-invalid=\"false\" placeholder=\"Viesti\" name=\"your-message\"><\/textarea><\/span>\n\t\t\t\t<\/p>\n\t\t\t<\/div>\n\t\t<\/div>\n\t\t<div class=\"field_row field_button\">\n\t\t\t<div class=\"field_item\">\n\t\t\t\t<p><input class=\"wpcf7-form-control wpcf7-submit has-spinner\" type=\"submit\" value=\"L\u00e4het\u00e4\" \/>\n\t\t\t\t<\/p>\n\t\t\t<\/div>\n\t\t<\/div>\n\t<\/div>\n<\/div><div class=\"wpcf7-response-output\" aria-hidden=\"true\"><\/div>\n<\/form>\n<\/div>\n\n<\/div><\/div>\n<\/div><\/div><\/section>\n<\/div><\/section>\n","protected":false},"excerpt":{"rendered":"","protected":false},"author":1,"featured_media":0,"parent":36,"menu_order":0,"comment_status":"closed","ping_status":"closed","template":"","meta":{"_acf_changed":false,"footnotes":""},"class_list":["post-788","page","type-page","status-publish"],"acf":[],"_links":{"self":[{"href":"https:\/\/kempeleenkiri.fi\/pesis\/wp-json\/wp\/v2\/pages\/788","targetHints":{"allow":["GET"]}}],"collection":[{"href":"https:\/\/kempeleenkiri.fi\/pesis\/wp-json\/wp\/v2\/pages"}],"about":[{"href":"https:\/\/kempeleenkiri.fi\/pesis\/wp-json\/wp\/v2\/types\/page"}],"author":[{"embeddable":true,"href":"https:\/\/kempeleenkiri.fi\/pesis\/wp-json\/wp\/v2\/users\/1"}],"replies":[{"embeddable":true,"href":"https:\/\/kempeleenkiri.fi\/pesis\/wp-json\/wp\/v2\/comments?post=788"}],"version-history":[{"count":1,"href":"https:\/\/kempeleenkiri.fi\/pesis\/wp-json\/wp\/v2\/pages\/788\/revisions"}],"predecessor-version":[{"id":1138,"href":"https:\/\/kempeleenkiri.fi\/pesis\/wp-json\/wp\/v2\/pages\/788\/revisions\/1138"}],"up":[{"embeddable":true,"href":"https:\/\/kempeleenkiri.fi\/pesis\/wp-json\/wp\/v2\/pages\/36"}],"wp:attachment":[{"href":"https:\/\/kempeleenkiri.fi\/pesis\/wp-json\/wp\/v2\/media?parent=788"}],"curies":[{"name":"wp","href":"https:\/\/api.w.org\/{rel}","templated":true}]}}