{"id":730,"date":"2025-10-17T08:13:50","date_gmt":"2025-10-17T08:13:50","guid":{"rendered":"https:\/\/kiripesis.iwn.co\/?page_id=730"},"modified":"2026-01-27T16:08:03","modified_gmt":"2026-01-27T14:08:03","slug":"muut-aikuisjoukkueet","status":"publish","type":"page","link":"https:\/\/kempeleenkiri.fi\/pesis\/muut-aikuisjoukkueet\/","title":{"rendered":"Muut aikuisjoukkueet"},"content":{"rendered":"\n<section id=\"g-siysi3x\" class=\"wp-block-gutentor-m3 alignfull section-g-siysi3x gutentor-module gutentor-container-cover\"><div class=\"grid-container\">\n<section id=\"g-eegsv8e\" class=\"wp-block-gutentor-m4 section-g-eegsv8e gutentor-module gutentor-advanced-columns\"><div class=\"grid-container\"><div class=\"grid-row\">\n<div id=\"col-g-uime0me\" class=\"wp-block-gutentor-m4-col col-g-uime0me gutentor-single-column  grid-lg-12 grid-md-12 grid-12\"><div id=\"section-g-uime0me\" class=\"section-g-uime0me gutentor-col-wrap\">\n<div id=\"section-g-toi0wm1\" class=\"wp-block-gutentor-e1 section-g-toi0wm1 gutentor-element gutentor-element-advanced-text text-align-center-desktop text-align-center-tablet text-align-center-mobile\"><div class=\"gutentor-text-wrap\"><p class=\"gutentor-text\">KeKill\u00e4 on edustusjoukkueiden lis\u00e4ksi joukkueita sek\u00e4 suomisarjoissa ett\u00e4 maakuntasarjoissa.<\/p><\/div><\/div>\n<\/div><\/div>\n<\/div><\/div><\/section>\n\n\n\n<section id=\"g-dddxd5h\" class=\"section-g-dddxd5h gutentor-module gutentor-module-accordion\"><div class=\"grid-container\">\n<div id=\"g-84tz1z4\" class=\"wp-block-gutentor-m6-item section-g-84tz1z4 gutentor-module gutentor-module-accordion-item\"><div class=\"gutentor-module-accordion-panel g-a-panel-g-dddxd5h\"><div class=\"gm-ah-g-dddxd5h gutentor-module-accordion-item-heading gutentor-module-icon-position-right\"><span class=\"gutentor-module-accordion-panel-handler\" role=\"button\"><span class=\"gutentor-module-accordion-panel-handler-label\">Miesten suomensarja<\/span><span class=\"gutentor-module-accordion-icon\"><i class=\"gm-aio-g-dddxd5h gutentor-module-accordion-icon-open fas fa-plus\"><\/i><i class=\"gm-aic-g-dddxd5h gutentor-module-accordion-icon-close fas fa-minus\"><\/i><\/span><\/span><\/div><div class=\"gm-ab-g-dddxd5h gutentor-module-accordion-body\">\n<section id=\"g-eqkeejy\" class=\"wp-block-gutentor-m4 section-g-eqkeejy gutentor-module gutentor-advanced-columns\"><div class=\"grid-container\"><div class=\"grid-row\">\n<div id=\"col-g-ljh95jz\" class=\"wp-block-gutentor-m4-col col-g-ljh95jz gutentor-single-column  grid-lg-12 grid-md-12 grid-12\"><div id=\"section-g-ljh95jz\" class=\"section-g-ljh95jz gutentor-col-wrap\">\n<figure class=\"wp-block-table\"><table class=\"has-fixed-layout\"><tbody><tr><td>Pelinjohtaja<\/td><td><a href=\"mailto:erno.hautamaki1@luukku.com\">Erno Hautam\u00e4ki<\/a><\/td><td>0400-666247<\/td><\/tr><tr><td>Joukkueenjohtaja<\/td><td><a href=\"mailto:marko.jyrkka@gmail.com\">Marko Jyrkk\u00e4<\/a><\/td><td>040-6788674<\/td><\/tr><\/tbody><\/table><\/figure>\n<\/div><\/div>\n<\/div><\/div><\/section>\n<\/div><\/div><\/div>\n\n\n\n<div id=\"g-f1dfxzf\" class=\"wp-block-gutentor-m6-item section-g-f1dfxzf gutentor-module gutentor-module-accordion-item\"><div class=\"gutentor-module-accordion-panel g-a-panel-g-dddxd5h\"><div class=\"gm-ah-g-dddxd5h gutentor-module-accordion-item-heading gutentor-module-icon-position-right\"><span class=\"gutentor-module-accordion-panel-handler\" role=\"button\"><span class=\"gutentor-module-accordion-panel-handler-label\">miesten maakuntasarja, KeKi3<\/span><span class=\"gutentor-module-accordion-icon\"><i class=\"gm-aio-g-dddxd5h gutentor-module-accordion-icon-open fas fa-plus\"><\/i><i class=\"gm-aic-g-dddxd5h gutentor-module-accordion-icon-close fas fa-minus\"><\/i><\/span><\/span><\/div><div class=\"gm-ab-g-dddxd5h gutentor-module-accordion-body\">\n<section id=\"g-p10virr\" class=\"wp-block-gutentor-m4 section-g-p10virr gutentor-module gutentor-advanced-columns\"><div class=\"grid-container\"><div class=\"grid-row\">\n<div id=\"col-g-82oli68\" class=\"wp-block-gutentor-m4-col col-g-82oli68 gutentor-single-column  grid-lg-12 grid-md-12 grid-12\"><div id=\"section-g-82oli68\" class=\"section-g-82oli68 gutentor-col-wrap\">\n<figure class=\"wp-block-table\"><table class=\"has-fixed-layout\"><tbody><tr><td>Joukkueenjohtaja<\/td><td><a href=\"mailto:holman.martti@gmail.com\">Martti Holma<\/a><\/td><td>040-5547553<\/td><\/tr><tr><td>Joukkueenjohtaja<\/td><td><a href=\"mailto:heikkiholma64@gmail.com\">Heikki Holma<\/a><\/td><td>040-7543618<\/td><\/tr><\/tbody><\/table><\/figure>\n<\/div><\/div>\n<\/div><\/div><\/section>\n<\/div><\/div><\/div>\n\n\n\n<div id=\"g-xjkxso0\" class=\"wp-block-gutentor-m6-item section-g-xjkxso0 gutentor-module gutentor-module-accordion-item\"><div class=\"gutentor-module-accordion-panel g-a-panel-g-dddxd5h\"><div class=\"gm-ah-g-dddxd5h gutentor-module-accordion-item-heading gutentor-module-icon-position-right\"><span class=\"gutentor-module-accordion-panel-handler\" role=\"button\"><span class=\"gutentor-module-accordion-panel-handler-label\">B-tyt\u00f6t \/ Naisten suomensarja<\/span><span class=\"gutentor-module-accordion-icon\"><i class=\"gm-aio-g-dddxd5h gutentor-module-accordion-icon-open fas fa-plus\"><\/i><i class=\"gm-aic-g-dddxd5h gutentor-module-accordion-icon-close fas fa-minus\"><\/i><\/span><\/span><\/div><div class=\"gm-ab-g-dddxd5h gutentor-module-accordion-body\">\n<section id=\"g-q9kpeul\" class=\"wp-block-gutentor-m4 section-g-q9kpeul gutentor-module gutentor-advanced-columns\"><div class=\"grid-container\"><div class=\"grid-row\">\n<div id=\"col-g-thgjppn\" class=\"wp-block-gutentor-m4-col col-g-thgjppn gutentor-single-column  grid-lg-12 grid-md-12 grid-12\"><div id=\"section-g-thgjppn\" class=\"section-g-thgjppn gutentor-col-wrap\">\n<figure class=\"wp-block-table\"><table class=\"has-fixed-layout\"><tbody><tr><td>Valmentaja<\/td><td><a href=\"mailto:jarkko.kokko@kempeleenkiri.fi\">Jarkko Kokko<\/a><\/td><td>040-7368370<\/td><\/tr><tr><td>Joukkueenjohtaja<\/td><td><a href=\"mailto:anne.kuopusjarvi@eduouka.fi\">Anne Kuopusj\u00e4rvi<\/a><\/td><td>050-5362642<\/td><\/tr><\/tbody><\/table><\/figure>\n<\/div><\/div>\n<\/div><\/div><\/section>\n<\/div><\/div><\/div>\n\n\n\n<div id=\"g-421rd7h\" class=\"wp-block-gutentor-m6-item section-g-421rd7h gutentor-module gutentor-module-accordion-item\"><div class=\"gutentor-module-accordion-panel g-a-panel-g-dddxd5h\"><div class=\"gm-ah-g-dddxd5h gutentor-module-accordion-item-heading gutentor-module-icon-position-right\"><span class=\"gutentor-module-accordion-panel-handler\" role=\"button\"><span class=\"gutentor-module-accordion-panel-handler-label\">Naisten maakuntasarja<\/span><span class=\"gutentor-module-accordion-icon\"><i class=\"gm-aio-g-dddxd5h gutentor-module-accordion-icon-open fas fa-plus\"><\/i><i class=\"gm-aic-g-dddxd5h gutentor-module-accordion-icon-close fas fa-minus\"><\/i><\/span><\/span><\/div><div class=\"gm-ab-g-dddxd5h gutentor-module-accordion-body\">\n<section id=\"g-afsr4rj\" class=\"wp-block-gutentor-m4 section-g-afsr4rj gutentor-module gutentor-advanced-columns\"><div class=\"grid-container\"><div class=\"grid-row\">\n<div id=\"col-g-s0fs4ua\" class=\"wp-block-gutentor-m4-col col-g-s0fs4ua gutentor-single-column  grid-lg-12 grid-md-12 grid-12\"><div id=\"section-g-s0fs4ua\" class=\"section-g-s0fs4ua gutentor-col-wrap\">\n<figure class=\"wp-block-table\"><table class=\"has-fixed-layout\"><tbody><tr><td>Valmentaja<\/td><td><a href=\"mailto:merjakauppinen@gmail.com\">Merja Suomalainen<\/a><\/td><td>041-4356565<\/td><\/tr><tr><td>Joukkueenjohtaja<\/td><td><a href=\"mailto:tuiskuhenna@gmail.com\">Henna Tuisku<\/a><\/td><td>045-6316424<\/td><\/tr><\/tbody><\/table><\/figure>\n<\/div><\/div>\n<\/div><\/div><\/section>\n<\/div><\/div><\/div>\n<\/div><\/section>\n<\/div><\/section>\n","protected":false},"excerpt":{"rendered":"","protected":false},"author":1,"featured_media":0,"parent":0,"menu_order":0,"comment_status":"closed","ping_status":"closed","template":"","meta":{"_acf_changed":false,"footnotes":""},"class_list":["post-730","page","type-page","status-publish"],"acf":[],"_links":{"self":[{"href":"https:\/\/kempeleenkiri.fi\/pesis\/wp-json\/wp\/v2\/pages\/730","targetHints":{"allow":["GET"]}}],"collection":[{"href":"https:\/\/kempeleenkiri.fi\/pesis\/wp-json\/wp\/v2\/pages"}],"about":[{"href":"https:\/\/kempeleenkiri.fi\/pesis\/wp-json\/wp\/v2\/types\/page"}],"author":[{"embeddable":true,"href":"https:\/\/kempeleenkiri.fi\/pesis\/wp-json\/wp\/v2\/users\/1"}],"replies":[{"embeddable":true,"href":"https:\/\/kempeleenkiri.fi\/pesis\/wp-json\/wp\/v2\/comments?post=730"}],"version-history":[{"count":5,"href":"https:\/\/kempeleenkiri.fi\/pesis\/wp-json\/wp\/v2\/pages\/730\/revisions"}],"predecessor-version":[{"id":1373,"href":"https:\/\/kempeleenkiri.fi\/pesis\/wp-json\/wp\/v2\/pages\/730\/revisions\/1373"}],"wp:attachment":[{"href":"https:\/\/kempeleenkiri.fi\/pesis\/wp-json\/wp\/v2\/media?parent=730"}],"curies":[{"name":"wp","href":"https:\/\/api.w.org\/{rel}","templated":true}]}}