{"id":1665,"date":"2026-04-12T20:03:40","date_gmt":"2026-04-12T18:03:40","guid":{"rendered":"https:\/\/kempeleenkiri.fi\/pesis\/?page_id=1665"},"modified":"2026-04-16T22:50:40","modified_gmt":"2026-04-16T20:50:40","slug":"tenavaleiri-2026","status":"publish","type":"page","link":"https:\/\/kempeleenkiri.fi\/pesis\/tenavaleiri-2026\/","title":{"rendered":"TENAVALEIRI 2026"},"content":{"rendered":"\n<section id=\"g-siysi3x\" class=\"wp-block-gutentor-m3 alignfull section-g-siysi3x gutentor-module gutentor-container-cover\"><div class=\"grid-container\">\n<section id=\"g-eegsv8e\" class=\"wp-block-gutentor-m4 section-g-eegsv8e gutentor-module gutentor-advanced-columns\"><div class=\"grid-container\"><div class=\"grid-row\">\n<div id=\"col-g-uime0me\" class=\"wp-block-gutentor-m4-col col-g-uime0me gutentor-single-column  grid-lg-7 grid-md-12 grid-12\"><div id=\"section-g-uime0me\" class=\"section-g-uime0me gutentor-col-wrap\">\n<div id=\"section-g-73id8r1\" class=\"wp-block-gutentor-e0 section-g-73id8r1 gutentor-element gutentor-element-advanced-text\"><div class=\"gutentor-text-wrap\"><p class=\"gutentor-text\">Valtakunnallinen pes\u00e4pallon Tenavaleiri 2026 kokoaa 11v -12v pes\u00e4palloharrastajat ja heid\u00e4n tukijoukkonsa Kempeleeseen aikav\u00e4lille 13.7. &#8211; 18.7.\u00a0Kempeleen Kiri toimii j\u00e4rjest\u00e4v\u00e4n\u00e4 seurana. Ilmoittautuneita joukkueita on l\u00e4hes 110, harrastajia ja joukkueenj\u00e4seni\u00e4 noin 1600 &#8211; leiri tulee n\u00e4kym\u00e4\u00e4n Kempeleess\u00e4 ja ymp\u00e4rist\u00f6 hyvin vilkkaana toimintana hein\u00e4kuun aikana.<br><br>PPL:n yll\u00e4pit\u00e4milt\u00e4 sivuilta\u00a0<a href=\"https:\/\/www.pesis.fi\/leirit\/tenavaleiri\" target=\"_blank\" rel=\"noreferrer noopener\">https:\/\/www.pesis.fi\/leirit\/tenavaleiri<\/a>\u00a0l\u00f6ytyy lis\u00e4\u00e4 tietoa leirist\u00e4 sek\u00e4 jatkuvasti p\u00e4ivittyv\u00e4 leiri-informaatio. J\u00e4rjestelyt ovat iso ponnistus Kempeleen Kirille ja talkooty\u00f6t\u00e4 on runsaasti ennen leiri\u00e4 sek\u00e4 leirin aikana.\u00a0<br><br><strong>Ilmoittaudu mukaan talkoisiin<\/strong>\u00a0s\u00e4hk\u00f6postitse:\u00a0<strong><a href=\"mailto:tenavaleiri2026@gmail.com\" target=\"_blank\" rel=\"noreferrer noopener\">tenavaleiri2026@gmail.com<\/a>.<\/strong>\u00a0<br><br>Kerro yhteystietosi sek\u00e4 voitko toimia talkooapulaisena leiri\u00e4 ennen vai vain leirin aikana.<br>\u00a0<br>Teht\u00e4vi\u00e4 l\u00f6ytyy jokaiselle: Kentt\u00e4huoltoa, ruokapalvelua, kuljetuksia, valvontaa ja paljon muuta. Kaikille riitt\u00e4\u00e4 varmasti tekemist\u00e4!<\/p><\/div><\/div>\n<\/div><\/div>\n\n\n\n<div id=\"col-g-eezezmm\" class=\"wp-block-gutentor-m4-col col-g-eezezmm gutentor-single-column  grid-lg-5 grid-md-12 grid-12\"><div id=\"section-g-eezezmm\" class=\"section-g-eezezmm gutentor-col-wrap\">\n<div id=\"section-g-sdf1wf2\" class=\"wp-block-gutentor-e6 section-g-sdf1wf2 gutentor-element gutentor-element-image\"><div class=\"gutentor-element-image-box\"><div class=\"gutentor-image-thumb\"><img decoding=\"async\" class=\"normal-image\" src=\"https:\/\/kempeleenkiri.fi\/pesis\/wp-content\/uploads\/sites\/3\/2026\/04\/Tenavaleiri_logo_2026_kempele_cmyk-pdf.jpg\" \/><\/div><\/div><\/div>\n<\/div><\/div>\n<\/div><\/div><\/section>\n<\/div><\/section>\n","protected":false},"excerpt":{"rendered":"","protected":false},"author":10,"featured_media":0,"parent":0,"menu_order":0,"comment_status":"closed","ping_status":"closed","template":"","meta":{"_acf_changed":false,"footnotes":""},"class_list":["post-1665","page","type-page","status-publish"],"acf":[],"_links":{"self":[{"href":"https:\/\/kempeleenkiri.fi\/pesis\/wp-json\/wp\/v2\/pages\/1665","targetHints":{"allow":["GET"]}}],"collection":[{"href":"https:\/\/kempeleenkiri.fi\/pesis\/wp-json\/wp\/v2\/pages"}],"about":[{"href":"https:\/\/kempeleenkiri.fi\/pesis\/wp-json\/wp\/v2\/types\/page"}],"author":[{"embeddable":true,"href":"https:\/\/kempeleenkiri.fi\/pesis\/wp-json\/wp\/v2\/users\/10"}],"replies":[{"embeddable":true,"href":"https:\/\/kempeleenkiri.fi\/pesis\/wp-json\/wp\/v2\/comments?post=1665"}],"version-history":[{"count":8,"href":"https:\/\/kempeleenkiri.fi\/pesis\/wp-json\/wp\/v2\/pages\/1665\/revisions"}],"predecessor-version":[{"id":1802,"href":"https:\/\/kempeleenkiri.fi\/pesis\/wp-json\/wp\/v2\/pages\/1665\/revisions\/1802"}],"wp:attachment":[{"href":"https:\/\/kempeleenkiri.fi\/pesis\/wp-json\/wp\/v2\/media?parent=1665"}],"curies":[{"name":"wp","href":"https:\/\/api.w.org\/{rel}","templated":true}]}}