{"id":1164,"date":"2021-12-13T04:15:18","date_gmt":"2021-12-13T02:15:18","guid":{"rendered":"https:\/\/kempeleenkiri.fi\/hiihto\/?page_id=1164"},"modified":"2024-08-05T20:13:17","modified_gmt":"2024-08-05T17:13:17","slug":"menesty-hiihtajana","status":"publish","type":"page","link":"https:\/\/kempeleenkiri.fi\/hiihto\/menesty-hiihtajana\/","title":{"rendered":"Menesty hiiht\u00e4j\u00e4n\u00e4 &#8211; nuoret ja aikuiset"},"content":{"rendered":"\n<div class=\"blockart-section blockart-section-f68662c6\"><div class=\"blockart-container\"><div class=\"blockart-section-inner\">\n<div class=\"blockart-column blockart-column-3e45fb40\"><div class=\"blockart-column-inner\">\n<figure class=\"blockart-image blockart-image-da02a417\"><img loading=\"lazy\" decoding=\"async\" class=\"wp-image-1346 hover-effect-static filter-none mask mask-none\" src=\"https:\/\/kempeleenkiri.fi\/hiihto\/wp-content\/uploads\/2024\/07\/Menesty-hiihtajana.jpg\" alt=\"\" height=\"1080\" width=\"1080\" srcset=\"https:\/\/kempeleenkiri.fi\/hiihto\/wp-content\/uploads\/2024\/07\/Menesty-hiihtajana.jpg 1080w, https:\/\/kempeleenkiri.fi\/hiihto\/wp-content\/uploads\/2024\/07\/Menesty-hiihtajana-300x300.jpg 300w, https:\/\/kempeleenkiri.fi\/hiihto\/wp-content\/uploads\/2024\/07\/Menesty-hiihtajana-1024x1024.jpg 1024w, https:\/\/kempeleenkiri.fi\/hiihto\/wp-content\/uploads\/2024\/07\/Menesty-hiihtajana-150x150.jpg 150w, https:\/\/kempeleenkiri.fi\/hiihto\/wp-content\/uploads\/2024\/07\/Menesty-hiihtajana-768x768.jpg 768w\" sizes=\"auto, (max-width: 1080px) 100vw, 1080px\" \/><\/figure>\n<\/div><\/div>\n\n\n\n<div class=\"blockart-column blockart-column-5fc11d2d\"><div class=\"blockart-column-inner\">\n<h2 class=\"blockart-heading blockart-heading-d3592b90\">Menesty hiiht\u00e4j\u00e4n\u00e4<\/h2>\n\n\n\n<p class=\"blockart-paragraph blockart-paragraph-9f371139\">Menesty hiiht\u00e4j\u00e4n\u00e4 on nuorten yli 17 vuotiaiden ja aikuisten kilpahiiht\u00e4jien harjoituskonsepti. Konseptin mukaisesti hiomme hiiht\u00e4j\u00e4n timantiksi jotta hiiht\u00e4j\u00e4 voi menesty\u00e4 kilpailuissa. Harjoittelun ohessa my\u00f6s testataan urheilijan tila s\u00e4\u00e4nn\u00f6llisill\u00e4 testeill\u00e4 jolla varmistetaan, ett\u00e4 harjoittelussa on menty oikeaan suuntaan. <\/p>\n<\/div><\/div>\n<\/div><\/div><\/div>\n\n\n\n<div class=\"blockart-section blockart-section-05622701\"><div class=\"blockart-container\"><div class=\"blockart-section-inner\">\n<div class=\"blockart-column blockart-column-82eb6b89\"><div class=\"blockart-column-inner\">\n<p class=\"blockart-paragraph blockart-paragraph-a27c7935\">Ryhm\u00e4 harjoittelee kerran viikossa monipuolisesti hy\u00f6dynt\u00e4en Kempeleen maastoja. Harjoitusp\u00e4iv\u00e4 on p\u00e4\u00e4s\u00e4\u00e4nt\u00f6isesti torstaina. <\/p>\n\n\n\n<p class=\"blockart-paragraph blockart-paragraph-b0e2bca2\">Ilmoittautumaan p\u00e4\u00e4set <a href=\"https:\/\/www.suomisport.fi\/events\/e6607e85-d6fa-48e5-a034-4eedb80d55c7\">Suomisportin kautta t\u00e4st\u00e4<\/a>. <\/p>\n\n\n\n<p class=\"blockart-paragraph blockart-paragraph-b9460635\">Ryhm\u00e4n valmentajana toimii Juha Korpela.<\/p>\n\n\n\n<p class=\"blockart-paragraph blockart-paragraph-8a61d05a\"><strong>Tiedustelut:<\/strong> <\/p>\n\n\n\n<p class=\"blockart-paragraph blockart-paragraph-ab86098e\">Juha Korpela<\/p>\n\n\n\n<p class=\"blockart-paragraph blockart-paragraph-256ce6fa\">\u00a0p. 040 571 2062  <\/p>\n<\/div><\/div>\n<\/div><\/div><\/div>\n","protected":false},"excerpt":{"rendered":"","protected":false},"author":2,"featured_media":0,"parent":0,"menu_order":0,"comment_status":"closed","ping_status":"closed","template":"page-templates\/pagebuilder.php","meta":{"_monsterinsights_skip_tracking":false,"_monsterinsights_sitenote_active":false,"_monsterinsights_sitenote_note":"","_monsterinsights_sitenote_category":0,"footnotes":""},"class_list":["post-1164","page","type-page","status-publish","hentry"],"yoast_head":"<!-- This site is optimized with the Yoast SEO plugin v27.5 - https:\/\/yoast.com\/product\/yoast-seo-wordpress\/ -->\n<title>Menesty hiiht\u00e4j\u00e4n\u00e4 - nuoret ja aikuiset - Kempeleen Kiri<\/title>\n<meta name=\"description\" content=\"Menesty hiiht\u00e4j\u00e4n\u00e4 on Kempeleen Kirin harjoitusryhm\u00e4 aikuisille kilpahiiht\u00e4jille. Lue lis\u00e4\u00e4 ja tule mukaan!\" \/>\n<meta name=\"robots\" content=\"index, follow, max-snippet:-1, max-image-preview:large, max-video-preview:-1\" \/>\n<link rel=\"canonical\" href=\"https:\/\/kempeleenkiri.fi\/hiihto\/menesty-hiihtajana\/\" \/>\n<meta property=\"og:locale\" content=\"fi_FI\" \/>\n<meta property=\"og:type\" content=\"article\" \/>\n<meta property=\"og:title\" content=\"Menesty hiiht\u00e4j\u00e4n\u00e4 - nuoret ja aikuiset - Kempeleen Kiri\" \/>\n<meta property=\"og:description\" content=\"Menesty hiiht\u00e4j\u00e4n\u00e4 on Kempeleen Kirin harjoitusryhm\u00e4 aikuisille kilpahiiht\u00e4jille. Lue lis\u00e4\u00e4 ja tule mukaan!\" \/>\n<meta property=\"og:url\" content=\"https:\/\/kempeleenkiri.fi\/hiihto\/menesty-hiihtajana\/\" \/>\n<meta property=\"og:site_name\" content=\"Kempeleen Kiri\" \/>\n<meta property=\"article:modified_time\" content=\"2024-08-05T17:13:17+00:00\" \/>\n<meta property=\"og:image\" content=\"https:\/\/kempeleenkiri.fi\/hiihto\/wp-content\/uploads\/2024\/07\/Menesty-hiihtajana.jpg\" \/>\n<meta name=\"twitter:card\" content=\"summary_large_image\" \/>\n<meta name=\"twitter:label1\" content=\"Arvioitu lukuaika\" \/>\n\t<meta name=\"twitter:data1\" content=\"1 minuutti\" \/>\n<script type=\"application\/ld+json\" class=\"yoast-schema-graph\">{\"@context\":\"https:\\\/\\\/schema.org\",\"@graph\":[{\"@type\":\"WebPage\",\"@id\":\"https:\\\/\\\/kempeleenkiri.fi\\\/hiihto\\\/menesty-hiihtajana\\\/\",\"url\":\"https:\\\/\\\/kempeleenkiri.fi\\\/hiihto\\\/menesty-hiihtajana\\\/\",\"name\":\"Menesty hiiht\u00e4j\u00e4n\u00e4 - nuoret ja aikuiset - Kempeleen Kiri\",\"isPartOf\":{\"@id\":\"https:\\\/\\\/kempeleenkiri.fi\\\/hiihto\\\/#website\"},\"primaryImageOfPage\":{\"@id\":\"https:\\\/\\\/kempeleenkiri.fi\\\/hiihto\\\/menesty-hiihtajana\\\/#primaryimage\"},\"image\":{\"@id\":\"https:\\\/\\\/kempeleenkiri.fi\\\/hiihto\\\/menesty-hiihtajana\\\/#primaryimage\"},\"thumbnailUrl\":\"https:\\\/\\\/kempeleenkiri.fi\\\/hiihto\\\/wp-content\\\/uploads\\\/2024\\\/07\\\/Menesty-hiihtajana.jpg\",\"datePublished\":\"2021-12-13T02:15:18+00:00\",\"dateModified\":\"2024-08-05T17:13:17+00:00\",\"description\":\"Menesty hiiht\u00e4j\u00e4n\u00e4 on Kempeleen Kirin harjoitusryhm\u00e4 aikuisille kilpahiiht\u00e4jille. Lue lis\u00e4\u00e4 ja tule mukaan!\",\"breadcrumb\":{\"@id\":\"https:\\\/\\\/kempeleenkiri.fi\\\/hiihto\\\/menesty-hiihtajana\\\/#breadcrumb\"},\"inLanguage\":\"fi\",\"potentialAction\":[{\"@type\":\"ReadAction\",\"target\":[\"https:\\\/\\\/kempeleenkiri.fi\\\/hiihto\\\/menesty-hiihtajana\\\/\"]}]},{\"@type\":\"ImageObject\",\"inLanguage\":\"fi\",\"@id\":\"https:\\\/\\\/kempeleenkiri.fi\\\/hiihto\\\/menesty-hiihtajana\\\/#primaryimage\",\"url\":\"https:\\\/\\\/kempeleenkiri.fi\\\/hiihto\\\/wp-content\\\/uploads\\\/2024\\\/07\\\/Menesty-hiihtajana.jpg\",\"contentUrl\":\"https:\\\/\\\/kempeleenkiri.fi\\\/hiihto\\\/wp-content\\\/uploads\\\/2024\\\/07\\\/Menesty-hiihtajana.jpg\",\"width\":1080,\"height\":1080},{\"@type\":\"BreadcrumbList\",\"@id\":\"https:\\\/\\\/kempeleenkiri.fi\\\/hiihto\\\/menesty-hiihtajana\\\/#breadcrumb\",\"itemListElement\":[{\"@type\":\"ListItem\",\"position\":1,\"name\":\"Etusivu\",\"item\":\"https:\\\/\\\/kempeleenkiri.fi\\\/hiihto\\\/\"},{\"@type\":\"ListItem\",\"position\":2,\"name\":\"Menesty hiiht\u00e4j\u00e4n\u00e4 &#8211; nuoret ja aikuiset\"}]},{\"@type\":\"WebSite\",\"@id\":\"https:\\\/\\\/kempeleenkiri.fi\\\/hiihto\\\/#website\",\"url\":\"https:\\\/\\\/kempeleenkiri.fi\\\/hiihto\\\/\",\"name\":\"Kempeleen Kiri\",\"description\":\"\",\"publisher\":{\"@id\":\"https:\\\/\\\/kempeleenkiri.fi\\\/hiihto\\\/#organization\"},\"potentialAction\":[{\"@type\":\"SearchAction\",\"target\":{\"@type\":\"EntryPoint\",\"urlTemplate\":\"https:\\\/\\\/kempeleenkiri.fi\\\/hiihto\\\/?s={search_term_string}\"},\"query-input\":{\"@type\":\"PropertyValueSpecification\",\"valueRequired\":true,\"valueName\":\"search_term_string\"}}],\"inLanguage\":\"fi\"},{\"@type\":\"Organization\",\"@id\":\"https:\\\/\\\/kempeleenkiri.fi\\\/hiihto\\\/#organization\",\"name\":\"Kempeleen Kiri\",\"url\":\"https:\\\/\\\/kempeleenkiri.fi\\\/hiihto\\\/\",\"logo\":{\"@type\":\"ImageObject\",\"inLanguage\":\"fi\",\"@id\":\"https:\\\/\\\/kempeleenkiri.fi\\\/hiihto\\\/#\\\/schema\\\/logo\\\/image\\\/\",\"url\":\"https:\\\/\\\/kempeleenkiri.fi\\\/hiihto\\\/wp-content\\\/uploads\\\/2024\\\/04\\\/cropped-KEKI-LOGO.png\",\"contentUrl\":\"https:\\\/\\\/kempeleenkiri.fi\\\/hiihto\\\/wp-content\\\/uploads\\\/2024\\\/04\\\/cropped-KEKI-LOGO.png\",\"width\":125,\"height\":136,\"caption\":\"Kempeleen Kiri\"},\"image\":{\"@id\":\"https:\\\/\\\/kempeleenkiri.fi\\\/hiihto\\\/#\\\/schema\\\/logo\\\/image\\\/\"}}]}<\/script>\n<!-- \/ Yoast SEO plugin. -->","yoast_head_json":{"title":"Menesty hiiht\u00e4j\u00e4n\u00e4 - nuoret ja aikuiset - Kempeleen Kiri","description":"Menesty hiiht\u00e4j\u00e4n\u00e4 on Kempeleen Kirin harjoitusryhm\u00e4 aikuisille kilpahiiht\u00e4jille. Lue lis\u00e4\u00e4 ja tule mukaan!","robots":{"index":"index","follow":"follow","max-snippet":"max-snippet:-1","max-image-preview":"max-image-preview:large","max-video-preview":"max-video-preview:-1"},"canonical":"https:\/\/kempeleenkiri.fi\/hiihto\/menesty-hiihtajana\/","og_locale":"fi_FI","og_type":"article","og_title":"Menesty hiiht\u00e4j\u00e4n\u00e4 - nuoret ja aikuiset - Kempeleen Kiri","og_description":"Menesty hiiht\u00e4j\u00e4n\u00e4 on Kempeleen Kirin harjoitusryhm\u00e4 aikuisille kilpahiiht\u00e4jille. Lue lis\u00e4\u00e4 ja tule mukaan!","og_url":"https:\/\/kempeleenkiri.fi\/hiihto\/menesty-hiihtajana\/","og_site_name":"Kempeleen Kiri","article_modified_time":"2024-08-05T17:13:17+00:00","og_image":[{"url":"https:\/\/kempeleenkiri.fi\/hiihto\/wp-content\/uploads\/2024\/07\/Menesty-hiihtajana.jpg","type":"","width":"","height":""}],"twitter_card":"summary_large_image","twitter_misc":{"Arvioitu lukuaika":"1 minuutti"},"schema":{"@context":"https:\/\/schema.org","@graph":[{"@type":"WebPage","@id":"https:\/\/kempeleenkiri.fi\/hiihto\/menesty-hiihtajana\/","url":"https:\/\/kempeleenkiri.fi\/hiihto\/menesty-hiihtajana\/","name":"Menesty hiiht\u00e4j\u00e4n\u00e4 - nuoret ja aikuiset - Kempeleen Kiri","isPartOf":{"@id":"https:\/\/kempeleenkiri.fi\/hiihto\/#website"},"primaryImageOfPage":{"@id":"https:\/\/kempeleenkiri.fi\/hiihto\/menesty-hiihtajana\/#primaryimage"},"image":{"@id":"https:\/\/kempeleenkiri.fi\/hiihto\/menesty-hiihtajana\/#primaryimage"},"thumbnailUrl":"https:\/\/kempeleenkiri.fi\/hiihto\/wp-content\/uploads\/2024\/07\/Menesty-hiihtajana.jpg","datePublished":"2021-12-13T02:15:18+00:00","dateModified":"2024-08-05T17:13:17+00:00","description":"Menesty hiiht\u00e4j\u00e4n\u00e4 on Kempeleen Kirin harjoitusryhm\u00e4 aikuisille kilpahiiht\u00e4jille. Lue lis\u00e4\u00e4 ja tule mukaan!","breadcrumb":{"@id":"https:\/\/kempeleenkiri.fi\/hiihto\/menesty-hiihtajana\/#breadcrumb"},"inLanguage":"fi","potentialAction":[{"@type":"ReadAction","target":["https:\/\/kempeleenkiri.fi\/hiihto\/menesty-hiihtajana\/"]}]},{"@type":"ImageObject","inLanguage":"fi","@id":"https:\/\/kempeleenkiri.fi\/hiihto\/menesty-hiihtajana\/#primaryimage","url":"https:\/\/kempeleenkiri.fi\/hiihto\/wp-content\/uploads\/2024\/07\/Menesty-hiihtajana.jpg","contentUrl":"https:\/\/kempeleenkiri.fi\/hiihto\/wp-content\/uploads\/2024\/07\/Menesty-hiihtajana.jpg","width":1080,"height":1080},{"@type":"BreadcrumbList","@id":"https:\/\/kempeleenkiri.fi\/hiihto\/menesty-hiihtajana\/#breadcrumb","itemListElement":[{"@type":"ListItem","position":1,"name":"Etusivu","item":"https:\/\/kempeleenkiri.fi\/hiihto\/"},{"@type":"ListItem","position":2,"name":"Menesty hiiht\u00e4j\u00e4n\u00e4 &#8211; nuoret ja aikuiset"}]},{"@type":"WebSite","@id":"https:\/\/kempeleenkiri.fi\/hiihto\/#website","url":"https:\/\/kempeleenkiri.fi\/hiihto\/","name":"Kempeleen Kiri","description":"","publisher":{"@id":"https:\/\/kempeleenkiri.fi\/hiihto\/#organization"},"potentialAction":[{"@type":"SearchAction","target":{"@type":"EntryPoint","urlTemplate":"https:\/\/kempeleenkiri.fi\/hiihto\/?s={search_term_string}"},"query-input":{"@type":"PropertyValueSpecification","valueRequired":true,"valueName":"search_term_string"}}],"inLanguage":"fi"},{"@type":"Organization","@id":"https:\/\/kempeleenkiri.fi\/hiihto\/#organization","name":"Kempeleen Kiri","url":"https:\/\/kempeleenkiri.fi\/hiihto\/","logo":{"@type":"ImageObject","inLanguage":"fi","@id":"https:\/\/kempeleenkiri.fi\/hiihto\/#\/schema\/logo\/image\/","url":"https:\/\/kempeleenkiri.fi\/hiihto\/wp-content\/uploads\/2024\/04\/cropped-KEKI-LOGO.png","contentUrl":"https:\/\/kempeleenkiri.fi\/hiihto\/wp-content\/uploads\/2024\/04\/cropped-KEKI-LOGO.png","width":125,"height":136,"caption":"Kempeleen Kiri"},"image":{"@id":"https:\/\/kempeleenkiri.fi\/hiihto\/#\/schema\/logo\/image\/"}}]}},"_links":{"self":[{"href":"https:\/\/kempeleenkiri.fi\/hiihto\/wp-json\/wp\/v2\/pages\/1164","targetHints":{"allow":["GET"]}}],"collection":[{"href":"https:\/\/kempeleenkiri.fi\/hiihto\/wp-json\/wp\/v2\/pages"}],"about":[{"href":"https:\/\/kempeleenkiri.fi\/hiihto\/wp-json\/wp\/v2\/types\/page"}],"author":[{"embeddable":true,"href":"https:\/\/kempeleenkiri.fi\/hiihto\/wp-json\/wp\/v2\/users\/2"}],"replies":[{"embeddable":true,"href":"https:\/\/kempeleenkiri.fi\/hiihto\/wp-json\/wp\/v2\/comments?post=1164"}],"version-history":[{"count":12,"href":"https:\/\/kempeleenkiri.fi\/hiihto\/wp-json\/wp\/v2\/pages\/1164\/revisions"}],"predecessor-version":[{"id":1355,"href":"https:\/\/kempeleenkiri.fi\/hiihto\/wp-json\/wp\/v2\/pages\/1164\/revisions\/1355"}],"wp:attachment":[{"href":"https:\/\/kempeleenkiri.fi\/hiihto\/wp-json\/wp\/v2\/media?parent=1164"}],"curies":[{"name":"wp","href":"https:\/\/api.w.org\/{rel}","templated":true}]}}