{"id":1146,"date":"2021-12-13T04:15:18","date_gmt":"2021-12-13T02:15:18","guid":{"rendered":"https:\/\/kempeleenkiri.fi\/hiihto\/?page_id=1146"},"modified":"2024-07-31T14:54:54","modified_gmt":"2024-07-31T11:54:54","slug":"harjoitusryhmat","status":"publish","type":"page","link":"https:\/\/kempeleenkiri.fi\/hiihto\/harjoitusryhmat\/","title":{"rendered":"Harjoitusryhm\u00e4t"},"content":{"rendered":"\n<p><\/p>\n\n\n\n<div class=\"blockart-section blockart-section-d89ffd78\"><div class=\"blockart-container\"><div class=\"blockart-section-inner\">\n<div class=\"blockart-column blockart-column-aeaf6aae\"><div class=\"blockart-column-inner\"><\/div><\/div>\n\n\n\n<div class=\"blockart-column blockart-column-c2d6be93\"><div class=\"blockart-column-inner\">\n<figure class=\"blockart-image blockart-image-13b11878\"><img loading=\"lazy\" decoding=\"async\" class=\"wp-image-1345 hover-effect-static filter-none mask mask-none\" src=\"https:\/\/kempeleenkiri.fi\/hiihto\/wp-content\/uploads\/2024\/07\/Kehity-hiihtajana.jpg\" alt=\"\" height=\"1080\" width=\"1080\" srcset=\"https:\/\/kempeleenkiri.fi\/hiihto\/wp-content\/uploads\/2024\/07\/Kehity-hiihtajana.jpg 1080w, https:\/\/kempeleenkiri.fi\/hiihto\/wp-content\/uploads\/2024\/07\/Kehity-hiihtajana-300x300.jpg 300w, https:\/\/kempeleenkiri.fi\/hiihto\/wp-content\/uploads\/2024\/07\/Kehity-hiihtajana-1024x1024.jpg 1024w, https:\/\/kempeleenkiri.fi\/hiihto\/wp-content\/uploads\/2024\/07\/Kehity-hiihtajana-150x150.jpg 150w, https:\/\/kempeleenkiri.fi\/hiihto\/wp-content\/uploads\/2024\/07\/Kehity-hiihtajana-768x768.jpg 768w\" sizes=\"auto, (max-width: 1080px) 100vw, 1080px\" \/><\/figure>\n\n\n\n<p class=\"has-medium-font-size\"><a href=\"https:\/\/kempeleenkiri.fi\/hiihto\/kehity-hiihtajana\/\">Kehity hiiht\u00e4j\u00e4n\u00e4 7-16v<\/a><\/p>\n<\/div><\/div>\n\n\n\n<div class=\"blockart-column blockart-column-03b36cb8\"><div class=\"blockart-column-inner\">\n<figure class=\"blockart-image blockart-image-8d39449d\"><img loading=\"lazy\" decoding=\"async\" class=\"wp-image-1346 hover-effect-static filter-none mask mask-none\" src=\"https:\/\/kempeleenkiri.fi\/hiihto\/wp-content\/uploads\/2024\/07\/Menesty-hiihtajana.jpg\" alt=\"\" height=\"1080\" width=\"1080\" srcset=\"https:\/\/kempeleenkiri.fi\/hiihto\/wp-content\/uploads\/2024\/07\/Menesty-hiihtajana.jpg 1080w, https:\/\/kempeleenkiri.fi\/hiihto\/wp-content\/uploads\/2024\/07\/Menesty-hiihtajana-300x300.jpg 300w, https:\/\/kempeleenkiri.fi\/hiihto\/wp-content\/uploads\/2024\/07\/Menesty-hiihtajana-1024x1024.jpg 1024w, https:\/\/kempeleenkiri.fi\/hiihto\/wp-content\/uploads\/2024\/07\/Menesty-hiihtajana-150x150.jpg 150w, https:\/\/kempeleenkiri.fi\/hiihto\/wp-content\/uploads\/2024\/07\/Menesty-hiihtajana-768x768.jpg 768w\" sizes=\"auto, (max-width: 1080px) 100vw, 1080px\" \/><\/figure>\n\n\n\n<p class=\"has-medium-font-size\"><a href=\"https:\/\/kempeleenkiri.fi\/hiihto\/menesty-hiihtajana\/\">Menesty hiiht\u00e4j\u00e4n\u00e4 nuoret ja aikuiset<\/a><\/p>\n<\/div><\/div>\n\n\n\n<div class=\"blockart-column blockart-column-0f26403c\"><div class=\"blockart-column-inner\"><\/div><\/div>\n<\/div><\/div><\/div>\n\n\n\n<p><\/p>\n","protected":false},"excerpt":{"rendered":"","protected":false},"author":2,"featured_media":0,"parent":0,"menu_order":0,"comment_status":"closed","ping_status":"closed","template":"page-templates\/pagebuilder.php","meta":{"_monsterinsights_skip_tracking":false,"_monsterinsights_sitenote_active":false,"_monsterinsights_sitenote_note":"","_monsterinsights_sitenote_category":0,"footnotes":""},"class_list":["post-1146","page","type-page","status-publish","hentry"],"yoast_head":"<!-- This site is optimized with the Yoast SEO plugin v27.5 - https:\/\/yoast.com\/product\/yoast-seo-wordpress\/ -->\n<title>Harjoitusryhm\u00e4t - Kempeleen Kiri<\/title>\n<meta name=\"robots\" content=\"index, follow, max-snippet:-1, max-image-preview:large, max-video-preview:-1\" \/>\n<link rel=\"canonical\" href=\"https:\/\/kempeleenkiri.fi\/hiihto\/harjoitusryhmat\/\" \/>\n<meta property=\"og:locale\" content=\"fi_FI\" \/>\n<meta property=\"og:type\" content=\"article\" \/>\n<meta property=\"og:title\" content=\"Harjoitusryhm\u00e4t - Kempeleen Kiri\" \/>\n<meta property=\"og:url\" content=\"https:\/\/kempeleenkiri.fi\/hiihto\/harjoitusryhmat\/\" \/>\n<meta property=\"og:site_name\" content=\"Kempeleen Kiri\" \/>\n<meta property=\"article:modified_time\" content=\"2024-07-31T11:54:54+00:00\" \/>\n<meta property=\"og:image\" content=\"https:\/\/kempeleenkiri.fi\/hiihto\/wp-content\/uploads\/2024\/07\/Kehity-hiihtajana.jpg\" \/>\n<meta name=\"twitter:card\" content=\"summary_large_image\" \/>\n<meta name=\"twitter:label1\" content=\"Arvioitu lukuaika\" \/>\n\t<meta name=\"twitter:data1\" content=\"1 minuutti\" \/>\n<script type=\"application\/ld+json\" class=\"yoast-schema-graph\">{\"@context\":\"https:\\\/\\\/schema.org\",\"@graph\":[{\"@type\":\"WebPage\",\"@id\":\"https:\\\/\\\/kempeleenkiri.fi\\\/hiihto\\\/harjoitusryhmat\\\/\",\"url\":\"https:\\\/\\\/kempeleenkiri.fi\\\/hiihto\\\/harjoitusryhmat\\\/\",\"name\":\"Harjoitusryhm\u00e4t - Kempeleen Kiri\",\"isPartOf\":{\"@id\":\"https:\\\/\\\/kempeleenkiri.fi\\\/hiihto\\\/#website\"},\"primaryImageOfPage\":{\"@id\":\"https:\\\/\\\/kempeleenkiri.fi\\\/hiihto\\\/harjoitusryhmat\\\/#primaryimage\"},\"image\":{\"@id\":\"https:\\\/\\\/kempeleenkiri.fi\\\/hiihto\\\/harjoitusryhmat\\\/#primaryimage\"},\"thumbnailUrl\":\"https:\\\/\\\/kempeleenkiri.fi\\\/hiihto\\\/wp-content\\\/uploads\\\/2024\\\/07\\\/Kehity-hiihtajana.jpg\",\"datePublished\":\"2021-12-13T02:15:18+00:00\",\"dateModified\":\"2024-07-31T11:54:54+00:00\",\"breadcrumb\":{\"@id\":\"https:\\\/\\\/kempeleenkiri.fi\\\/hiihto\\\/harjoitusryhmat\\\/#breadcrumb\"},\"inLanguage\":\"fi\",\"potentialAction\":[{\"@type\":\"ReadAction\",\"target\":[\"https:\\\/\\\/kempeleenkiri.fi\\\/hiihto\\\/harjoitusryhmat\\\/\"]}]},{\"@type\":\"ImageObject\",\"inLanguage\":\"fi\",\"@id\":\"https:\\\/\\\/kempeleenkiri.fi\\\/hiihto\\\/harjoitusryhmat\\\/#primaryimage\",\"url\":\"https:\\\/\\\/kempeleenkiri.fi\\\/hiihto\\\/wp-content\\\/uploads\\\/2024\\\/07\\\/Kehity-hiihtajana.jpg\",\"contentUrl\":\"https:\\\/\\\/kempeleenkiri.fi\\\/hiihto\\\/wp-content\\\/uploads\\\/2024\\\/07\\\/Kehity-hiihtajana.jpg\",\"width\":1080,\"height\":1080},{\"@type\":\"BreadcrumbList\",\"@id\":\"https:\\\/\\\/kempeleenkiri.fi\\\/hiihto\\\/harjoitusryhmat\\\/#breadcrumb\",\"itemListElement\":[{\"@type\":\"ListItem\",\"position\":1,\"name\":\"Etusivu\",\"item\":\"https:\\\/\\\/kempeleenkiri.fi\\\/hiihto\\\/\"},{\"@type\":\"ListItem\",\"position\":2,\"name\":\"Harjoitusryhm\u00e4t\"}]},{\"@type\":\"WebSite\",\"@id\":\"https:\\\/\\\/kempeleenkiri.fi\\\/hiihto\\\/#website\",\"url\":\"https:\\\/\\\/kempeleenkiri.fi\\\/hiihto\\\/\",\"name\":\"Kempeleen Kiri\",\"description\":\"\",\"publisher\":{\"@id\":\"https:\\\/\\\/kempeleenkiri.fi\\\/hiihto\\\/#organization\"},\"potentialAction\":[{\"@type\":\"SearchAction\",\"target\":{\"@type\":\"EntryPoint\",\"urlTemplate\":\"https:\\\/\\\/kempeleenkiri.fi\\\/hiihto\\\/?s={search_term_string}\"},\"query-input\":{\"@type\":\"PropertyValueSpecification\",\"valueRequired\":true,\"valueName\":\"search_term_string\"}}],\"inLanguage\":\"fi\"},{\"@type\":\"Organization\",\"@id\":\"https:\\\/\\\/kempeleenkiri.fi\\\/hiihto\\\/#organization\",\"name\":\"Kempeleen Kiri\",\"url\":\"https:\\\/\\\/kempeleenkiri.fi\\\/hiihto\\\/\",\"logo\":{\"@type\":\"ImageObject\",\"inLanguage\":\"fi\",\"@id\":\"https:\\\/\\\/kempeleenkiri.fi\\\/hiihto\\\/#\\\/schema\\\/logo\\\/image\\\/\",\"url\":\"https:\\\/\\\/kempeleenkiri.fi\\\/hiihto\\\/wp-content\\\/uploads\\\/2024\\\/04\\\/cropped-KEKI-LOGO.png\",\"contentUrl\":\"https:\\\/\\\/kempeleenkiri.fi\\\/hiihto\\\/wp-content\\\/uploads\\\/2024\\\/04\\\/cropped-KEKI-LOGO.png\",\"width\":125,\"height\":136,\"caption\":\"Kempeleen Kiri\"},\"image\":{\"@id\":\"https:\\\/\\\/kempeleenkiri.fi\\\/hiihto\\\/#\\\/schema\\\/logo\\\/image\\\/\"}}]}<\/script>\n<!-- \/ Yoast SEO plugin. -->","yoast_head_json":{"title":"Harjoitusryhm\u00e4t - Kempeleen Kiri","robots":{"index":"index","follow":"follow","max-snippet":"max-snippet:-1","max-image-preview":"max-image-preview:large","max-video-preview":"max-video-preview:-1"},"canonical":"https:\/\/kempeleenkiri.fi\/hiihto\/harjoitusryhmat\/","og_locale":"fi_FI","og_type":"article","og_title":"Harjoitusryhm\u00e4t - Kempeleen Kiri","og_url":"https:\/\/kempeleenkiri.fi\/hiihto\/harjoitusryhmat\/","og_site_name":"Kempeleen Kiri","article_modified_time":"2024-07-31T11:54:54+00:00","og_image":[{"url":"https:\/\/kempeleenkiri.fi\/hiihto\/wp-content\/uploads\/2024\/07\/Kehity-hiihtajana.jpg","type":"","width":"","height":""}],"twitter_card":"summary_large_image","twitter_misc":{"Arvioitu lukuaika":"1 minuutti"},"schema":{"@context":"https:\/\/schema.org","@graph":[{"@type":"WebPage","@id":"https:\/\/kempeleenkiri.fi\/hiihto\/harjoitusryhmat\/","url":"https:\/\/kempeleenkiri.fi\/hiihto\/harjoitusryhmat\/","name":"Harjoitusryhm\u00e4t - Kempeleen Kiri","isPartOf":{"@id":"https:\/\/kempeleenkiri.fi\/hiihto\/#website"},"primaryImageOfPage":{"@id":"https:\/\/kempeleenkiri.fi\/hiihto\/harjoitusryhmat\/#primaryimage"},"image":{"@id":"https:\/\/kempeleenkiri.fi\/hiihto\/harjoitusryhmat\/#primaryimage"},"thumbnailUrl":"https:\/\/kempeleenkiri.fi\/hiihto\/wp-content\/uploads\/2024\/07\/Kehity-hiihtajana.jpg","datePublished":"2021-12-13T02:15:18+00:00","dateModified":"2024-07-31T11:54:54+00:00","breadcrumb":{"@id":"https:\/\/kempeleenkiri.fi\/hiihto\/harjoitusryhmat\/#breadcrumb"},"inLanguage":"fi","potentialAction":[{"@type":"ReadAction","target":["https:\/\/kempeleenkiri.fi\/hiihto\/harjoitusryhmat\/"]}]},{"@type":"ImageObject","inLanguage":"fi","@id":"https:\/\/kempeleenkiri.fi\/hiihto\/harjoitusryhmat\/#primaryimage","url":"https:\/\/kempeleenkiri.fi\/hiihto\/wp-content\/uploads\/2024\/07\/Kehity-hiihtajana.jpg","contentUrl":"https:\/\/kempeleenkiri.fi\/hiihto\/wp-content\/uploads\/2024\/07\/Kehity-hiihtajana.jpg","width":1080,"height":1080},{"@type":"BreadcrumbList","@id":"https:\/\/kempeleenkiri.fi\/hiihto\/harjoitusryhmat\/#breadcrumb","itemListElement":[{"@type":"ListItem","position":1,"name":"Etusivu","item":"https:\/\/kempeleenkiri.fi\/hiihto\/"},{"@type":"ListItem","position":2,"name":"Harjoitusryhm\u00e4t"}]},{"@type":"WebSite","@id":"https:\/\/kempeleenkiri.fi\/hiihto\/#website","url":"https:\/\/kempeleenkiri.fi\/hiihto\/","name":"Kempeleen Kiri","description":"","publisher":{"@id":"https:\/\/kempeleenkiri.fi\/hiihto\/#organization"},"potentialAction":[{"@type":"SearchAction","target":{"@type":"EntryPoint","urlTemplate":"https:\/\/kempeleenkiri.fi\/hiihto\/?s={search_term_string}"},"query-input":{"@type":"PropertyValueSpecification","valueRequired":true,"valueName":"search_term_string"}}],"inLanguage":"fi"},{"@type":"Organization","@id":"https:\/\/kempeleenkiri.fi\/hiihto\/#organization","name":"Kempeleen Kiri","url":"https:\/\/kempeleenkiri.fi\/hiihto\/","logo":{"@type":"ImageObject","inLanguage":"fi","@id":"https:\/\/kempeleenkiri.fi\/hiihto\/#\/schema\/logo\/image\/","url":"https:\/\/kempeleenkiri.fi\/hiihto\/wp-content\/uploads\/2024\/04\/cropped-KEKI-LOGO.png","contentUrl":"https:\/\/kempeleenkiri.fi\/hiihto\/wp-content\/uploads\/2024\/04\/cropped-KEKI-LOGO.png","width":125,"height":136,"caption":"Kempeleen Kiri"},"image":{"@id":"https:\/\/kempeleenkiri.fi\/hiihto\/#\/schema\/logo\/image\/"}}]}},"_links":{"self":[{"href":"https:\/\/kempeleenkiri.fi\/hiihto\/wp-json\/wp\/v2\/pages\/1146","targetHints":{"allow":["GET"]}}],"collection":[{"href":"https:\/\/kempeleenkiri.fi\/hiihto\/wp-json\/wp\/v2\/pages"}],"about":[{"href":"https:\/\/kempeleenkiri.fi\/hiihto\/wp-json\/wp\/v2\/types\/page"}],"author":[{"embeddable":true,"href":"https:\/\/kempeleenkiri.fi\/hiihto\/wp-json\/wp\/v2\/users\/2"}],"replies":[{"embeddable":true,"href":"https:\/\/kempeleenkiri.fi\/hiihto\/wp-json\/wp\/v2\/comments?post=1146"}],"version-history":[{"count":5,"href":"https:\/\/kempeleenkiri.fi\/hiihto\/wp-json\/wp\/v2\/pages\/1146\/revisions"}],"predecessor-version":[{"id":1348,"href":"https:\/\/kempeleenkiri.fi\/hiihto\/wp-json\/wp\/v2\/pages\/1146\/revisions\/1348"}],"wp:attachment":[{"href":"https:\/\/kempeleenkiri.fi\/hiihto\/wp-json\/wp\/v2\/media?parent=1146"}],"curies":[{"name":"wp","href":"https:\/\/api.w.org\/{rel}","templated":true}]}}